28.
2, 29, 71, 452923
List the prime factors of 57175997.
19, 31, 97073
What are the prime factors of 127271134?
2, 41, 1552087
List the prime factors of 2753489093.
443, 6215551
List the prime factors of 83530029.
3, 11, 151, 16763
What are the prime factors of 517930055?
5, 43, 163, 14779
What are the prime factors of 1309525057?
173, 7569509
What are the prime factors of 186763147?
43, 4343329
What are the prime factors of 646252161?
3, 17, 53, 239087
List the prime factors of 9330771.
3, 37, 84061
List the prime factors of 369824752.
2, 11, 2101277
List the prime factors of 1309294641.
3, 31, 14078437
What are the prime factors of 1510397963?
17, 3631, 24469
List the prime factors of 1072399570.
2, 5, 11, 479, 20353
List the prime factors of 8861009.
31, 285839
List the prime factors of 2116827112.
2, 264603389
What are the prime factors of 87017311?
2341, 37171
List the prime factors of 166528638.
2, 3, 37, 250043
What are the prime factors of 161697352?
2, 4099, 4931
What are the prime factors of 67169681?
67169681
What are the prime factors of 176941478?
2, 7, 1231, 10267
What are the prime factors of 149940394?
2, 73, 1026989
What are the prime factors of 61844345?
5, 12368869
List the prime factors of 40504397.
40504397
List the prime factors of 130211922.
2, 3, 21701987
What are the prime factors of 182774773?
182774773
What are the prime factors of 140100199?
23, 6091313
List the prime factors of 126952825.
5, 107, 47459
What are the prime factors of 1073350546?
2, 19, 1493, 18919
List the prime factors of 1907702734.
2, 7, 136264481
What are the prime factors of 541537810?
2, 5, 11, 19, 113, 2293
What are the prime factors of 49499364?
2, 3, 43, 95929
What are the prime factors of 965816769?
3, 321938923
List the prime factors of 2018679853.
643, 3139471
What are the prime factors of 436457793?
3, 145485931
What are the prime factors of 5670701174?
2, 73, 691, 56209
List the prime factors of 3386077.
17, 199181
What are the prime factors of 3302534448?
2, 3, 1381, 16607
List the prime factors of 529290575.
5, 11, 1924693
List the prime factors of 289125046.
2, 7, 20651789
List the prime factors of 365092248.
2, 3, 23, 443, 1493
List the prime factors of 214558388.
2, 11, 67, 73, 997
What are the prime factors of 166363201?
173, 961637
List the prime factors of 599488698.
2, 3, 23, 4344121
List the prime factors of 40259879.
11, 19, 192631
What are the prime factors of 96952969?
131, 740099
List the prime factors of 1434117635.
5, 3499, 81973
What are the prime factors of 48224685?
3, 5, 31, 137, 757
List the prime factors of 488123784.
2, 3, 6779497
What are the prime factors of 395554785?
3, 5, 26370319
List the prime factors of 422418640.
2, 5, 7, 19, 29, 37
List the prime factors of 16660042.
2, 7, 113, 10531
What are the prime factors of 22183638?
2, 3, 23, 160751
What are the prime factors of 1516671538?
2, 7487, 101287
List the prime factors of 820339042.
2, 410169521
What are the prime factors of 76328539?
7, 10904077
List the prime factors of 507539968.
2, 13, 76253
List the prime factors of 1060502468.
2, 2663, 99559
What are the prime factors of 13939942?
2, 6969971
List the prime factors of 181061031.
3, 523, 115399
List the prime factors of 67816765.
5, 23, 589711
List the prime factors of 771796317.
3, 257265439
List the prime factors of 1731029647.
433, 3997759
What are the prime factors of 147123347?
7, 21017621
What are the prime factors of 231324082?
2, 11, 10514731
What are the prime factors of 1460285423?
13267, 110069
List the prime factors of 456335940.
2, 3, 5, 173, 43963
What are the prime factors of 2577333388?
2, 7, 92047621
List the prime factors of 26393211.
3, 13, 225583
What are the prime factors of 8794109?
173, 50833
What are the prime factors of 482688573?
3, 160896191
What are the prime factors of 279001672?
2, 523, 66683
List the prime factors of 122325598.
2, 269, 227371
List the prime factors of 53613015.
3, 5, 3574201
List the prime factors of 852810650.
2, 5, 17056213
List the prime factors of 719815255.
5, 431, 334021
List the prime factors of 1268328462.
2, 3, 211388077
What are the prime factors of 709647662?
2, 43, 8251717
What are the prime factors of 220097649?
3, 23, 3189821
List the prime factors of 2463522188.
2, 615880547
What are the prime factors of 16499298?
2, 3, 2749883
List the prime factors of 2963415509.
73, 40594733
What are the prime factors of 806183051?
23, 35051437
List the prime factors of 839733006.
2, 3, 7, 19, 137, 7681
List the prime factors of 864899064.
2, 3, 12012487
List the prime factors of 1773953884.
2, 53, 8367707
List the prime factors of 3611421390.
2, 3, 5, 19, 71, 89237
List the prime factors of 1647264514.
2, 7, 117661751
What are the prime factors of 38160423?
3, 7, 201907
What are the prime factors of 2693142370?
2, 5, 269314237
What are the prime factors of 666365022?
2, 3, 487, 25339
What are the prime factors of 3466192765?
5, 7, 6701, 14779
List the prime factors of 50215739.
7, 17, 23, 2621
What are the prime factors of 241944344?
2, 47, 643469
List the prime factors of 4346137216.
2, 19, 37, 48299
List the prime factors of 1328111671.
1328111671
List the prime factors of 2419256050.
2, 5, 48385121
List the prime factors of 175041545.
5, 7, 131, 38177
List the prime factors of 115476045.
3, 5, 7698403
What are the prime factors of 6101411381?
13, 469339337
List the prime factors of 1642129585.
5, 328425917
What are the prime factors of 53310509?
7, 2579, 2953
What are the prime factors of 175640?
2, 5, 4391
List the prime factors of 1149294445.
5, 13, 1193, 14821
List the prime factors of 992544208.
2, 23, 73, 36947
List the prime factors of 32900546.
2, 7, 839, 2801
List the prime factors of 350216867.
7, 11, 13, 151, 331
What are the prime factors of 112014971?
61, 151, 12161
What are the prime factors of 161934994?
2, 13, 41, 151909
List the prime factors of 1012913035.
5, 67, 3023621
List the prime factors of 39346532.
2, 9836633
What are the prime factors of 347753523?
3, 13, 19, 469303
List the prime factors of 69153975.
3, 5, 11, 27941
What are the prime factors of 16463337?
3, 11, 53, 9413
What are the prime factors of 1793374310?
2, 5, 7, 13, 827, 2383
List the prime factors of 166823685.
3, 5, 7, 25219
What are the prime factors of 6851447730?
2, 3, 5, 103, 739099
List the prime factors of 995096383.
547, 1819189
List the prime factors of 673584196.
2, 168396049
List the prime factors of 5141402654.
2, 2570701327
List the prime factors of 82558719.
3, 773, 11867
What are the prime factors of 10954197?
3, 61, 739
What are the prime factors of 16644647?
41, 405967
What are the prime factors of 29358959?
7, 4194137
What are the prime factors of 1702177092?
2, 3, 7, 11, 19
List the prime factors of 48565424.
2, 1523, 1993
What are the prime factors of 1590149926?
2, 3919, 202877
List the prime factors of 88733232.
2, 3, 7, 9781
What are the prime factors of 3699787232?
2, 115618351
What are the prime factors of 392613921?
3, 7, 18169
List the prime factors of 279826070.
2, 5, 421, 66467
What are the prime factors of 414586818?
2, 3, 23032601
What are the prime factors of 49732839?
3, 13, 141689
List the prime factors of 1910152946.
2, 13, 17, 4321613
What are the prime factors of 789920297?
709, 863, 1291
List the prime factors of 2437806297.
3, 812602099
What are the prime factors of 2442464948?
2, 7, 11, 1697, 4673
List the prime factors of 6173208.
2, 3, 83, 1033
List the prime factors of 40626629.
37, 1098017
What are the prime factors of 4244344?
2, 13, 37, 1103
List the prime factors of 2025868793.
13, 155836061
List the prime factors of 20462155.
5, 7, 47, 1777
List the prime factors of 12953795.
5, 103, 25153
List the prime factors of 295342455.
3, 5, 2251, 8747
List the prime factors of 663695100.
2, 3, 5, 401, 613
List the prime factors of 38112962.
2, 947, 20123
What are the prime factors of 40052286?
2, 3, 741709
List the prime factors of 868573150.
2, 5, 23, 37, 137, 149
List the prime factors of 357886134.
2, 3, 31, 213791
What are the prime factors of 21635986?
2, 1861, 5813
List the prime factors of 87335410.
2, 5, 8733541
What are the prime factors of 346065017?
61, 439, 12923
List the prime factors of 509764362.
2, 3, 